4/(-114)*(-4 - -1)?
2, 7, 137
What are the prime factors of (3335 + 4)/7 - 8?
7, 67
List the prime factors of (3 + 3)*4/(-6)*-477.
2, 3, 53
Suppose 0 = 2*v + k - 5*k - 112, 0 = -5*v + k + 280. Suppose 4*i - v = -16. List the prime factors of 224/i + 2/(-5).
2, 11
Let t(c) = -1. Let d(h) = 4*h**2 - 24*h + 40. Let a(o) = d(o) + 6*t(o). What are the prime factors of a(8)?
2, 7
Suppose 4*d - 20 = 4. Suppose -5*m + d + 11 = p, -4*m = -3*p - 25. What are the prime factors of p - -3 - -36 - 3?
3, 11
Suppose 0 = 2*m + 16 - 4. Let j be 3/m*-6 + -1. List the prime factors of (-6)/j + 6 + 35.
2, 19
Let j(p) = -4 + 9*p - p**2 - 1 + 0 - p**3. Let b be j(-5). Suppose 0 = 2*x + t - 74, 4*t = 2*x - b - 4. List the prime factors of x.
5, 7
Let o(r) = -5*r**2 + 33*r + 13. Let n(i) = i**2 - 8*i - 3. Let x(j) = 9*n(j) + 2*o(j). Let l be x(-5). Suppose l*g = 39 + 57. List the prime factors of g.
2, 3
Suppose -13*w + 26331 = 4049. What are the prime factors of w?
2, 857
Let q = 1466 - 949. What are the prime factors of q?
11, 47
Let t be (-108)/(-30)*10/3. Let y be (-64)/t*(-6)/4. Let d = 34 - y. What are the prime factors of d?
2, 13
Let z(v) = -2*v**3 + v**2 + 3*v + 3. Let i be z(4). Let y = i - -287. List the prime factors of y.
2, 5, 19
Let d = 39 - 17. Suppose d = -x + 61. What are the prime factors of x?
3, 13
Suppose 0 = -14*z + 1426 + 2102. What are the prime factors of z?
2, 3, 7
Suppose 0 = 13*g - 8*g + 30. Let i(j) = j**2 - 8*j + 3. Let z(l) = -3*l**2 + 23*l - 9. Let n(a) = -17*i(a) - 6*z(a). List the prime factors of n(g).
3, 17
Suppose -5*y = w + 8, 3*w - 6 = 4*y + 8. Let n be 9*((-36)/w)/3. Let s = -31 - n. What are the prime factors of s?
23
Let h(s) = -2*s**2 + 1. Let q be h(1). What are the prime factors of 7/(-14)*(166 - 0)/q?
83
Let h = -12 + 22. Suppose -h*c = -5*c. Suppose c = -5*z + i + 104, z + i - 2 - 14 = 0. List the prime factors of z.
2, 5
Suppose 4*d + 3*p + 10 = -10, -5*d = -4*p - 6. Let k be (-1)/(((-10)/(-485))/d). Suppose w - 8 = -0*w + 4*o, 5*w - k = o. What are the prime factors of w?
2, 5
Suppose -6*y + y = 60. Let v be 9/y - 1/4. Let m = 26 + v. List the prime factors of m.
5
Let u(q) be the second derivative of 3/2*q**2 - 2*q + 2/3*q**3 + 1/12*q**4 + 0. What are the prime factors of u(-4)?
3
Let s(z) = z**2 + 2*z + 7. Suppose 3*c - 4*c = 5. Let a be s(c). Let q = 45 - a. List the prime factors of q.
23
Let p = 7 - 4. Suppose -36 + 4 = -8*y. Suppose y = -m - 0*t + p*t, -m = -2*t. List the prime factors of m.
2
Suppose 1 = -6*q + 349. Let h = -29 + q. Let y = -13 + h. List the prime factors of y.
2
Let w(t) = -31*t + 1. Suppose 2 + 26 = 4*d. Let c = 6 - d. What are the prime factors of w(c)?
2
Let u = 66 + -69. List the prime factors of 356/3*u/(-2).
2, 89
Let t(v) = v**3 + v**2 + 1. Let n(x) = 4*x**3 - 3*x**2 - 2*x. Let g(k) = n(k) - 2*t(k). Let i be g(5). Suppose 4*z + 5 - i = 0. What are the prime factors of z?
3
Let b(r) be the first derivative of 2*r**3/3 + r**2/2 - 3*r + 1. Let t be b(-3). What are the prime factors of 56/(-2)*t/(-16)?
3, 7
Let v = -27 - -29. Suppose -5*c = -6*r + v*r - 265, c = 4*r + 53. List the prime factors of c.
53
Let t = 15 - -413. List the prime factors of t.
2, 107
Let s(k) = -k**2 - 9*k - 8. Let v be s(-8). Suppose 3*l + 5*j = 204, 3*l - 3*j = -v*l + 180. List the prime factors of l.
3, 7
Let j = -2 + 22. Let u = -17 + j. Suppose -y + u*d = y - 50, 4*y = -d + 114. What are the prime factors of y?
2, 7
Let c = 398 + -264. Let q = c - 57. What are the prime factors of q?
7, 11
Let i(c) = -c**2 + 10*c - 4. Suppose -3*n = -4*t - 9, -n - 3*t = -7*t + 5. Let p be (n/3)/((-1)/(-3)). What are the prime factors of i(p)?
17
Let g = -9 - -13. Let p be (-19)/(-2)*g - 4. Suppose -3*s = -p - 59. List the prime factors of s.
31
Let g = -26 - -29. Suppose w + 2*w - 125 = 5*p, 2*w = g*p + 74. Let z = 33 - p. What are the prime factors of z?
61
Suppose 10*v = 1780 + 860. Let c = -19 + v. List the prime factors of c.
5, 7
Let j = -20 - -509. List the prime factors of j.
3, 163
What are the prime factors of (10 - 299/26)*686/(-3)?
7
Suppose 4*d = d - 2*f + 2, 5*f = 4*d - 41. Suppose 3*z - 497 = -d*z. What are the prime factors of z?
71
Let q be (-4 + -1)*(5 + 87/(-15)). Suppose -3*n + 87 = -201. Suppose -5*c = -q - n. List the prime factors of c.
2, 5
Let u(f) = -f**3 + 4*f**2 + 6. Let m be u(4). List the prime factors of 2 + -2*(-1 + (-147)/m).
53
Let d(o) = 20 + 5*o**3 - 15*o + 20*o**2 + 4*o - 3*o**2. Let y(x) = -2*x**3 - 6*x**2 + 4*x - 7. Let s(f) = 6*d(f) + 17*y(f). List the prime factors of s(-1).
3
Let f(n) = -11*n - 70. Suppose -5*k - 4*i = 101, k + 10 = -5*i - 6. What are the prime factors of f(k)?
7, 23
Let a = 273 - 146. Let o = a - 65. List the prime factors of o.
2, 31
Let j = 74 - 71. What are the prime factors of 271 - (3 - 1 - j)?
2, 17
List the prime factors of 11 + (-346035)/(-105) - (-6)/14.
3307
Let q be 1*4*(1 + 0). Suppose -2*m - 3*h = -20 - 159, -4*m + 368 = q*h. What are the prime factors of m?
97
What are the prime factors of (5*-215)/(((-420)/21)/20)?
5, 43
Let w be ((-6)/(-4))/((-12)/592). Suppose 0 = 3*c + c + 412. Let o = w - c. What are the prime factors of o?
29
Let r(l) = 9*l + 6. Let g be r(4). Let s = -34 + g. List the prime factors of s.
2
Let k(a) = -359*a**3 + 7*a**2 - 8. List the prime factors of k(-2).
2, 3, 241
Suppose -r - 2*f = -300, -646 = -4*r - 4*f + 574. List the prime factors of r.
2, 5, 31
Let m(c) be the second derivative of 119*c**3/6 - 13*c**2/2 - 21*c. What are the prime factors of m(2)?
3, 5
Let o = 14 - -203. Suppose -378 = -7*z + o. List the prime factors of z.
5, 17
Suppose 0 - 2 = -r. Suppose 2*q - q = r*w - 375, 0 = -5*q + 15. List the prime factors of w.
3, 7
Let i(w) = -w**3 + 17*w**2 + 20*w. Let h(o) = -8*o - 14. Let j be h(-4). List the prime factors of i(j).
2, 3
Suppose 0 = -2*q - 2*i + 154, -i - 332 = -4*q + 3*i. What are the prime factors of 8/q*5 + (-193)/(-2)?
97
List the prime factors of (-1625 - 1)*30/(-36).
5, 271
Let d be (-3)/12 - 51/(-12). Let j = -56 - -56. Suppose -d*b = -j*b - 16. List the prime factors of b.
2
Let c(f) = 373*f - 6. Let n be c(2). Suppose 6*z = z + n. List the prime factors of z.
2, 37
List the prime factors of 123/(1/(-5) - 468/(-990)).
11, 41
Let r(k) = 4*k**3 + 4*k - 3. Let l be r(1). What are the prime factors of ((-6)/l)/(24/(-1600)*1)?
2, 5
Suppose -9*f + 8*f + 893 = -4*q, -891 = -f + 2*q. List the prime factors of f.
7, 127
Suppose -97*i + 11515 = -62*i. List the prime factors of i.
7, 47
Suppose -2*p - 5 = t, 4*t - 30 = 4*p + 2*t. Let l(h) = 0 - 4*h**2 + 0*h**2 + 2 - 12*h**3 + 11*h**3. What are the prime factors of l(p)?
3
Let z(x) = x**2 - 12*x + 13. Let u be z(11). Let k(h) = 7 - 38*h**3 + 9*h**u + 3*h + 4*h + 39*h**3. What are the prime factors of k(-8)?
3, 5
Let z(r) = 2*r**2 + 13*r - 18. Let s be z(11). Suppose -2*j + 65 = -s. List the prime factors of j.
2, 3
Suppose -k = -4*k + 12. Suppose k*p - 28 = 36. Suppose -3*u = 4*f - 7, -4*u - 8 - p = -3*f. List the prime factors of f.
2
Let x(o) be the first derivative of o**4/4 + 3*o**3 - 6*o**2 - 8*o - 16. What are the prime factors of x(-9)?
2, 5
Let r = -15 + 39. Let y = r - 12. List the prime factors of y.
2, 3
Suppose 0 = -a + 2, 2*l - 389 + 145 = -3*a. What are the prime factors of l?
7, 17
Let d(o) = 89*o - 223. List the prime factors of d(18).
7, 197
Suppose b + 3*d = 524, 499 = 2*b - 2*d - 581. List the prime factors of b.
2, 67
Let w(a) = -2*a**2 - a - 4. Let o be w(-5). Let v be (-4)/(-14) + 8032/112. Let h = o + v. What are the prime factors of h?
23
Let n(u) = 82*u + 1. Let d(g) = 410*g + 5. Let c(y) = -2*d(y) + 11*n(y). List the prime factors of c(1).
83
Let m(c) be the second derivative of -c**5/20 + c**4/6 + 2*c**3/3 - 2*c. Let a be m(3). Suppose -a*x - x + 24 = 0. What are the prime factors of x?
2, 3
Let v(r) = -r + 18. Let x be v(16). Suppose x*z + 0*y = 4*y + 40, 0 = -4*y - 20. List the prime factors of (-12)/60 - (-52)/z.
5
Let g(b) = 24*b**2 + 4*b + 144. What are the prime factors of g(-6)?
2, 3, 41
Suppose 33*l = 44*l - 31801. List the prime factors of l.
7, 59
Let y(s) = -s**3 - 41*s**2 + 24*s + 84. List the prime factors of y(-42).
2, 3, 5, 7
What are the prime factors of 85 - (-6 - (0 + -4))?
3, 29
Let p(j) = j**3 - 7*j**2 - 7*j - 8. Let 